 - c, 2*c = 4*t - 24. Suppose t*m + m - 75 = 0. Calculate the remainder when m is divided by 8.
7
Let z(p) = p**2 + 4*p - 2. What is the remainder when z(-9) is divided by 5/25 + 109/5?
21
Let p = 302 - 175. What is the remainder when p is divided by 15?
7
Suppose -11*q - 225 = -14*q + 3*s, 4*s = -4*q + 300. Calculate the remainder when 169 is divided by q.
19
Suppose 24 = 4*m - 0. Suppose m*f - 9*f + 42 = 0. Calculate the remainder when 39 is divided by f.
11
Suppose -5*j = -0*j + 205. Let q = j + 46. Calculate the remainder when 13 is divided by q.
3
Suppose -r + 6 = r. Suppose -6*q + 8*q - 14 = 0. What is the remainder when q is divided by ((-1)/r)/(1/(-12))?
3
Let d be 4 + 0 - (-7)/(21/108). Suppose d = -0*c + 4*c. What is the remainder when 58 is divided by c?
8
Let b = 23 + -39. Suppose 0 = -25*o + 27*o - 60. Let l = o + b. Calculate the remainder when 25 is divided by l.
11
Let h = -7 + 11. Let a be -5 + 1 + (-6)/3. What is the remainder when a/(4/(-12)*2) - 3 is divided by h?
2
Let c(m) = -18*m - 223. What is the remainder when c(-14) is divided by 15?
14
Let w = -360 - -478. What is the remainder when w is divided by 40?
38
Let m be 5*5/((-75)/24). What is the remainder when -8 + 18 + m*(-2)/4 is divided by 7?
0
Let n(l) = -l**2 + 12*l + 31. Let b be n(13). Suppose w - b = 32. What is the remainder when w is divided by 17?
16
Let v(m) = -m**3 - 11*m**2 - 4*m - 3. Let w be v(-9). Let h = w - -154. Calculate the remainder when h is divided by 2.
1
Suppose -4*f - 12 = 0, -5*h - f = -3 - 4. Suppose 0 = -5*b - 2*k + 26, -h*k + 4*k = -3*b + 18. Calculate the remainder when 8 is divided by b.
0
Let p = -1 - -21. Let r = -1046 - -1083. Calculate the remainder when r is divided by p.
17
Suppose -u - 3*k + 45 = 0, u + 6*k = k + 47. Suppose 4*z - u = -0*d - 3*d, 4*z - 50 = d. Calculate the remainder when 21 is divided by z.
9
Let o(v) = -5*v - 5. Let b be o(1). What is the remainder when (-18)/(-90) - 288/b is divided by 19?
10
Suppose -8*p + 120 = -4*p. Calculate the remainder when (134/(-201))/((-2)/351) is divided by p.
27
Let y = 195 - 106. What is the remainder when y is divided by 32?
25
Suppose 0 = 3*z - 19*d + 15*d - 12, 2*z + 5*d - 31 = 0. Calculate the remainder when 110 is divided by z.
6
Suppose -t + 5*c = 8, -8*t = -3*t - 4*c - 23. Let s = t + -2. Suppose 4*z - 4*a = 156, -s*z + 2*z + 5*a = -123. Calculate the remainder when z is divided by 13.
10
Let d(m) = -m**2 + 6*m + 84. Calculate the remainder when 342/8 + (-1)/(-4) is divided by d(-6).
7
Let a(c) = -c**3 + 9*c**2 + 9*c + 23. Let k(j) = 2*j**2 - 2*j - 1. Calculate the remainder when k(4) is divided by a(10).
10
Suppose -1080 = 21*d - 27*d. Suppose 0 = -4*t - 5 - 3, -d = -4*u - 4*t. What is the remainder when u is divided by 29?
18
Let c(z) = 24*z - 404. Calculate the remainder when 699 is divided by c(21).
99
Suppose 0*n = -3*p - 4*n + 16, 8 = -3*p + 2*n. Let o(s) = s**3 + 37. Let j be o(p). Suppose -j*v = -32*v - 155. What is the remainder when 122 is divided by v?
29
Let l = 16 - 8. Let x be 2/(-9) - l/(-36). Suppose x = 5*v - u - 4*u - 505, v - 93 = -3*u. What is the remainder when v is divided by 25?
24
Let q = 9 + 6. Suppose -4*t - t = -q. Suppose -b + 3*b + 14 = 3*h, -t*b - 8 = 2*h. What is the remainder when h is divided by 1?
0
Let r = 2226 + -2220. Calculate the remainder when 72 is divided by r.
0
Let z = -212 - -254. Calculate the remainder when z is divided by 22.
20
Let w = 23 - 13. Suppose 6 = x - 3*x. Let f = x - -31. Calculate the remainder when f is divided by w.
8
Suppose -3*v = 3*u - 2*u - 196, -u = 2*v - 199. Calculate the remainder when 208 is divided by u.
3
What is the remainder when (206/4 - 5)/(21/70) is divided by 28?
15
Suppose 0 = -6*p + 2*p + 5*v + 531, 2*p = -2*v + 288. Calculate the remainder when p is divided by 49.
41
Let r = -1850 + 1863. Calculate the remainder when 334 is divided by r.
9
What is the remainder when 207 is divided by (1 - (4 + -1))/(138/(-207))?
0
Let p = 157 - 142. Calculate the remainder when 777 is divided by p.
12
Let y(n) = -30*n - 293. Calculate the remainder when 1440 is divided by y(-11).
34
Suppose -16*o + 19*o - 18 = -n, -2*o + 10 = 0. Suppose -2*w - 8 = 0, 2*q - 12 - 16 = 5*w. What is the remainder when q is divided by n?
1
Let h(k) = 2*k - 5. Let i be h(5). Suppose -5*f = 25, -20 = 5*v - i*f + 2*f. Let q = 13 - v. Calculate the remainder when 79 is divided by q.
19
Let n = -36 + 59. Suppose -2*p + 17 = 2*h - 9, 20 = 5*p. Suppose -7*r - 24 = -h*r. Calculate the remainder when n is divided by r.
11
Suppose 16 = -h + d, h + 2*h - d = -44. Let z = -84 - h. Let o = -46 - z. Calculate the remainder when o is divided by 9.
6
Let q = -3892 + 3923. Suppose 3*j - 2*j - 11 = 0. Calculate the remainder when q is divided by j.
9
Suppose -1255 + 385 = -3*r. Calculate the remainder when r is divided by 73.
71
Let a = 0 + 2. Let d = 7 - 4. Suppose 0 = d*l - 4*l + 4. Calculate the remainder when l is divided by a.
0
Suppose -2*n - 3*b = -6*b - 161, -n + b + 79 = 0. Let i = -53 + n. Calculate the remainder when 86 is divided by i.
17
Calculate the remainder when -2*6/30 - 964/(-10) is divided by 25.
21
Let o = -128 - -57. Let f = -2 - o. Suppose -109*h = -114*h + 90. What is the remainder when f is divided by h?
15
Let s = -49 - -58. Calculate the remainder when 88 is divided by s.
7
Let b(d) = 3*d - 18. Let u be b(6). Suppose 2*o - 3*o + p + 59 = 0, 5*p - 10 = u. What is the remainder when o is divided by 9?
7
Calculate the remainder when 2*(5 - 1)*21 is divided by 17.
15
Let t be 8/(-24) - (-1)/3. Suppose t = 2*c + 4*n - 30, n - 3*n = -10. Calculate the remainder when 28 is divided by c.
3
Let w = 722 - 667. What is the remainder when 714 is divided by w?
54
Let m = -55 - -82. Suppose 0 = 5*n - m - 18. Let o = 15 - n. Calculate the remainder when o is divided by 3.
0
Let n be (4/4 - -69)*3/6. Suppose 67 = -n*r + 36*r. Let m(k) = 9*k - 1. What is the remainder when r is divided by m(4)?
32
Let r be -4 + ((-1)/(-1) - -41). Suppose h - 3*h + r = 0. What is the remainder when 74 is divided by h?
17
Let s(y) = 4*y - 35. Calculate the remainder when s(12) is divided by 11.
2
Suppose 5*n - 81 = y + 809, -3*y = 2*n - 356. What is the remainder when n is divided by 18?
16
Let f = -8915 + 9021. Let q(j) = -j**2 - 5*j + 5. Let l be q(-5). Suppose 0 = 3*t - 9, 4*o + l*t - 118 = 41. What is the remainder when f is divided by o?
34
Suppose -4*x + 268 = 4*h, -3*h + 132 = -h + 4*x. Let l = 67 - 32. What is the remainder when h is divided by l?
33
Let y = -3 - -124. What is the remainder when y is divided by 62?
59
Suppose -m + 55 = i, -2*i - m - 20 = -135. Calculate the remainder when (-6)/(-15) - (-878)/5 is divided by i.
56
Let b = 65 - 38. What is the remainder when 346 is divided by b?
22
Let c(o) = 8*o - 21. Let u be c(0). Let q = 35 + u. Calculate the remainder when 53 is divided by q.
11
Let r be -1 - (-1 + -1)*-1. Let q = r - -3. Suppose -m = -q*m - 17. Calculate the remainder when m is divided by 4.
1
Suppose -7*q + 27 = -15. Calculate the remainder when 14 is divided by 32/12*q/4.
2
Suppose 5*p = 2*v + 502, -4*p - 21 = 5*v - 416. What is the remainder when p is divided by 53?
47
Let j be -2 - -38 - (-4 + 4)/(-3). Suppose -2*n - 14 = -j. Calculate the remainder when 42 is divided by n.
9
Let a(o) = 2*o**2 + o + 1. Let x = 27 + -30. What is the remainder when (-1 - -47) + 1 - 2 is divided by a(x)?
13
Suppose 0 = a - 4*a, 0 = -3*k - a - 123. Calculate the remainder when 7 - k - (-4)/1 is divided by 18.
16
Let d = 727 - 709. What is the remainder when 167 is divided by d?
5
Suppose l = -2 + 11. Suppose -3*i + l = -24. Calculate the remainder when 20 is divided by i.
9
Let r = -84 - -356. Suppose -2*g + 55 = p - 43, 3*p - 5*g - r = 0. Calculate the remainder when p is divided by ((-2)/(-1))/(-2) - -25.
22
Suppose -2*p + 5*p + 4*x + 25 = 0, 4*x - 20 = 0. Let v = p - -6. Let w = 12 + v. What is the remainder when 6 is divided by w?
0
Let i = 285 - 164. Let x = 143 - i. Calculate the remainder when 78 is divided by x.
12
Let k(t) = 7*t**2 - 19*t + 33. Calculate the remainder when 133 is divided by k(2).
18
Let z = -403 + 443. Let v(g) = 11*g + 11. Calculate the remainder when v(6) is divided by z.
37
Suppose 3*y + 5 = 14, 102 = 3*d - 3*y. 